{"id":190,"date":"2020-09-28T16:28:51","date_gmt":"2020-09-28T16:28:51","guid":{"rendered":"http:\/\/domki.fotografiezpodhala.pl\/?page_id=190"},"modified":"2020-10-11T12:17:42","modified_gmt":"2020-10-11T12:17:42","slug":"cennik","status":"publish","type":"page","link":"http:\/\/domki.fotografiezpodhala.pl\/?page_id=190","title":{"rendered":"Cennik"},"content":{"rendered":"<p>[et_pb_section fb_built=&#8221;1&#8243; _builder_version=&#8221;4.6.5&#8243; _module_preset=&#8221;default&#8221; use_background_color_gradient=&#8221;on&#8221; background_color_gradient_start=&#8221;#ffffff&#8221; background_color_gradient_end=&#8221;#ffecb3&#8243; background_image=&#8221;http:\/\/domki.fotografiezpodhala.pl\/wp-content\/uploads\/2020\/10\/tlo_20150117-IMG_0822.jpg&#8221; hover_enabled=&#8221;0&#8243; title_text=&#8221;tlo_20150117-IMG_0822&#8243; sticky_enabled=&#8221;0&#8243;][et_pb_row _builder_version=&#8221;4.6.5&#8243; _module_preset=&#8221;default&#8221;][et_pb_column type=&#8221;4_4&#8243; _builder_version=&#8221;4.6.5&#8243; _module_preset=&#8221;default&#8221;][et_pb_text _builder_version=&#8221;4.6.5&#8243; _module_preset=&#8221;default&#8221; header_font_size=&#8221;46px&#8221; text_text_shadow_style=&#8221;preset2&#8243; text_text_shadow_color=&#8221;#000000&#8243; hover_enabled=&#8221;0&#8243; sticky_enabled=&#8221;0&#8243;]<\/p>\n<h1 style=\"text-align: center;\"><span style=\"color: #ffffff;\">Cennik i rezerwacja<\/span><\/h1>\n<p>[\/et_pb_text][\/et_pb_column][\/et_pb_row][et_pb_row column_structure=&#8221;3_5,2_5&#8243; _builder_version=&#8221;4.6.5&#8243; _module_preset=&#8221;default&#8221;][et_pb_column type=&#8221;3_5&#8243; _builder_version=&#8221;4.6.5&#8243; _module_preset=&#8221;default&#8221;][et_pb_text _builder_version=&#8221;4.6.5&#8243; _module_preset=&#8221;default&#8221; animation_style=&#8221;fade&#8221; animation_duration=&#8221;1300ms&#8221; animation_delay=&#8221;500ms&#8221; hover_enabled=&#8221;0&#8243; text_text_shadow_style=&#8221;preset2&#8243; text_text_shadow_color=&#8221;#000000&#8243; sticky_enabled=&#8221;0&#8243;]<\/p>\n<p style=\"text-align: center;\"><span style=\"color: #ffffff;\">Podane ceny dotycz\u0105 wynajmu ca\u0142ego domku maksymalnie 6 os\u00f3b<\/span><br \/> <span style=\"color: #ffffff;\">Ka\u017cda dodatkowa osoba:<\/span><br \/> <span style=\"color: #ffffff;\">Dzieci do lat 8 \u015bpi\u0105ce z rodzicami za darmo<\/span><br \/> <span style=\"color: #ffffff;\">dzieci i m\u0142odzie\u017c od 8 roku do 14 roku \u017cycia &#8211; 25 z\u0142\/doba<\/span><br \/> <span style=\"color: #ffffff;\">osoby doros\u0142e 50 z\u0142\/doba<\/span><br \/> <span style=\"color: #ffffff;\">Je\u017celi potrzebne b\u0119dzie \u0142\u00f3\u017ceczko dla dziecka prosz\u0119 przynajmniej 5 dni przed przyjazdem zawiadomi\u0107 obs\u0142ug\u0119.<\/span><br \/> <span style=\"color: #ffffff;\">Okres poza sezonem &#8211; 350 z\u0142\/dob\u0119 (marzec,listopad)<\/span><br \/> <span style=\"color: #ffffff;\">Ferie zimowe (minimum 4 doby) :<\/span><br \/> <span style=\"color: #ffffff;\">03.01 &#8211; 19.01.2019 &#8211; 350 z\u0142\/dob\u0119<\/span><br \/> <span style=\"color: #ffffff;\">20.01 &#8211; 10.02.2019 &#8211; 400 z\u0142\/dob\u0119<\/span><br \/> <span style=\"color: #ffffff;\">11.02 &#8211; 10.03.2019 &#8211; 350 z\u0142\/dob\u0119<\/span><br \/> <span style=\"color: #ffffff;\">Wielkanoc 2019 (20.04-23.04.2019) &#8211; 450 z\u0142\/dob\u0119 (minimum 3 doby\/6 os\u00f3b)<\/span><br \/> <span style=\"color: #ffffff;\">Weekend Majowy 2019 (28.04-06.05.2019) &#8211; 550 z\u0142\/dob\u0119 (minimum 4 doby\/6 os\u00f3b)<\/span><br \/> <span style=\"color: #ffffff;\">Bo\u017ce Cia\u0142o 2019 (19.06 &#8211; 23.06.2019) &#8211; 450 z\u0142\/dob\u0119 (minimum 4 doby\/6 os\u00f3b)<\/span><br \/> <span style=\"color: #ffffff;\">Wakacje 2019 (minimum 7 dni) :<\/span><br \/> <span style=\"color: #ffffff;\">24.06 &#8211; 30.06.2019 &#8211; 350 z\u0142\/dob\u0119<\/span><br \/> <span style=\"color: #ffffff;\">01.07 &#8211; 11.07.2019 &#8211; 400 z\u0142\/dob\u0119<\/span><br \/> <span style=\"color: #ffffff;\">12.07 &#8211; 19.07.2019 &#8211; 450 z\u0142\/dob\u0119<\/span><br \/> <span style=\"color: #ffffff;\">20.07 &#8211; 18.08.2019 &#8211; 500 z\u0142\/dob\u0119<\/span><br \/> <span style=\"color: #ffffff;\">19.08 &#8211; 01.09.2019 &#8211; 400 z\u0142\/dob\u0119<\/span><br \/> <span style=\"color: #ffffff;\">Bo\u017ce Narodzenie (23.12 &#8211; 27.12.2019) &#8211; 500 z\u0142\/dob\u0119 (minimum 4 doby\/6 os\u00f3b)<\/span><br \/> <span style=\"color: #ffffff;\">Sylwester (30.12.2019 &#8211; 02.01.2020) &#8211; 900 z\u0142\/dob\u0119 (minimum 3 doby\/6 os\u00f3b)<\/span><\/p>\n<p style=\"text-align: center;\"><span style=\"color: #ffffff;\">Jest mo\u017cliwo\u015b\u0107 negocjacji cen w zale\u017cno\u015bci:<\/span><br \/> <span style=\"color: #ffffff;\">Od ilo\u015bci os\u00f3b<\/span><br \/> <span style=\"color: #ffffff;\">d\u0142ugo\u015bci pobytu<\/span><br \/> <span style=\"color: #ffffff;\">Pory roku<\/span><\/p>\n<p>[\/et_pb_text][\/et_pb_column][et_pb_column type=&#8221;2_5&#8243; _builder_version=&#8221;4.6.5&#8243; _module_preset=&#8221;default&#8221;][et_pb_image src=&#8221;http:\/\/domki.fotografiezpodhala.pl\/wp-content\/uploads\/2020\/09\/bon-turystyczny.jpg&#8221; title_text=&#8221;bon-turystyczny&#8221; _builder_version=&#8221;4.6.5&#8243; _module_preset=&#8221;default&#8221; animation_style=&#8221;fade&#8221; animation_duration=&#8221;1300ms&#8221; animation_delay=&#8221;500ms&#8221; sticky_enabled=&#8221;0&#8243; box_shadow_style=&#8221;preset1&#8243; box_shadow_color=&#8221;#000000&#8243;][\/et_pb_image][et_pb_image src=&#8221;http:\/\/domki.fotografiezpodhala.pl\/wp-content\/uploads\/2020\/09\/MG_0279.jpg&#8221; title_text=&#8221;_MG_0279&#8243; _builder_version=&#8221;4.6.5&#8243; _module_preset=&#8221;default&#8221; animation_style=&#8221;fade&#8221; animation_duration=&#8221;1300ms&#8221; animation_delay=&#8221;500ms&#8221; hover_enabled=&#8221;0&#8243; box_shadow_style=&#8221;preset1&#8243; box_shadow_color=&#8221;#000000&#8243; sticky_enabled=&#8221;0&#8243;][\/et_pb_image][\/et_pb_column][\/et_pb_row][et_pb_row _builder_version=&#8221;4.6.5&#8243; _module_preset=&#8221;default&#8221;][et_pb_column type=&#8221;4_4&#8243; _builder_version=&#8221;4.6.5&#8243; _module_preset=&#8221;default&#8221;][et_pb_pricing_tables _builder_version=&#8221;4.6.5&#8243; _module_preset=&#8221;default&#8221;][et_pb_pricing_table title=&#8221;Niski sezon&#8221; subtitle=&#8221;2020&#8243; currency=&#8221;z\u0142&#8221; sum=&#8221;350&#8243; button_text=&#8221;Sprawd\u017a wolne terminy&#8221; _builder_version=&#8221;4.6.5&#8243; _module_preset=&#8221;default&#8221; sticky_transition=&#8221;on&#8221;]<\/p>\n<p>Ferie zimowe, min. 3 doby\/6 os.<\/p>\n<p>[\/et_pb_pricing_table][et_pb_pricing_table title=&#8221;Wysoki sezon&#8221; subtitle=&#8221;2020&#8243; currency=&#8221;z\u0142&#8221; sum=&#8221;500&#8243; _builder_version=&#8221;4.6.5&#8243; _module_preset=&#8221;default&#8221; sticky_transition=&#8221;on&#8221;]<\/p>\n<p><span> Wielkanoc<\/span><br \/> <span> Wakacje<\/span><br \/> <span> Bo\u017ce Narodzenie<\/span><br \/> <span> min. 3 doby\/6 os.<\/span><\/p>\n<p>[\/et_pb_pricing_table][et_pb_pricing_table title=&#8221;Bo\u017ce Narodzenie, Sylwester&#8221; subtitle=&#8221;2020&#8243; currency=&#8221;z\u0142&#8221; sum=&#8221;900&#8243; _builder_version=&#8221;4.6.5&#8243; _module_preset=&#8221;default&#8221; sticky_transition=&#8221;on&#8221;]<\/p>\n<p>+ Ta funkcja jest dost\u0119pna + Ta funkcja jest dost\u0119pna + Ta funkcja jest dost\u0119pna + Ta funkcja jest dost\u0119pna &#8211; Ta funkcja nie jest dost\u0119pna &#8211; Ta funkcja nie jest dost\u0119pna<\/p>\n<p>[\/et_pb_pricing_table][\/et_pb_pricing_tables][\/et_pb_column][\/et_pb_row][et_pb_row _builder_version=&#8221;4.6.5&#8243; _module_preset=&#8221;default&#8221;][et_pb_column type=&#8221;4_4&#8243; _builder_version=&#8221;4.6.5&#8243; _module_preset=&#8221;default&#8221;][et_pb_button button_url=&#8221;http:\/\/domki.fotografiezpodhala.pl\/?page_id=196&#8243; button_text=&#8221;Zanim zarezerujesz przeczytaj REGULAMIN&#8221; button_alignment=&#8221;center&#8221; _builder_version=&#8221;4.6.5&#8243; _module_preset=&#8221;default&#8221; custom_button=&#8221;on&#8221; button_text_color=&#8221;#ffffff&#8221; button_bg_use_color_gradient=&#8221;on&#8221; button_bg_color_gradient_start=&#8221;#e02b20&#8243; button_bg_color_gradient_end=&#8221;#c22969&#8243; animation_style=&#8221;fade&#8221; animation_duration=&#8221;1500ms&#8221; animation_delay=&#8221;500ms&#8221; button_text_shadow_style=&#8221;preset1&#8243;][\/et_pb_button][\/et_pb_column][\/et_pb_row][et_pb_row _builder_version=&#8221;4.6.5&#8243; _module_preset=&#8221;default&#8221; background_color=&#8221;#ffffff&#8221; custom_margin=&#8221;-2px|auto||auto||&#8221; border_width_all=&#8221;1px&#8221; border_color_all=&#8221;#e09900&#8243;][et_pb_column type=&#8221;4_4&#8243; _builder_version=&#8221;4.6.5&#8243; _module_preset=&#8221;default&#8221;][et_pb_text _builder_version=&#8221;4.6.5&#8243; _module_preset=&#8221;default&#8221; text_text_color=&#8221;#ffffff&#8221; header_text_color=&#8221;#ffffff&#8221; background_color=&#8221;#9e0152&#8243; custom_margin=&#8221;0px||0px||false|false&#8221; custom_padding=&#8221;12px||0px||false|false&#8221;]<\/p>\n<h1 style=\"text-align: center;\">Domek nr 1<\/h1>\n<p>[\/et_pb_text][et_pb_code _builder_version=&#8221;4.6.5&#8243; _module_preset=&#8221;default&#8221;]<iframe id=\"ra-calendar-single\" style=\"width: 100%; height: 540px; border: none; padding: 0;\" src=\"\/\/roomadmin.pl\/widget\/calendar-single\/index?fh=06384dcacc0cce4d482f57e0bf0a1c45104faecf&#038;rid=12306&#038;n=6&#038;style=%7B%22color_accent%22%3A%22%23A1195B%22%2C%22color_bg%22%3A%22%23FFFFFF%22%7D\"><\/iframe> <script> try { (function () { var iframe = window.document.getElementById('ra-calendar-single'); function raMessageReceiver(event) { if (iframe && event.data.height) { iframe.style.height = (event.data.height + 10) + \"px\"; } } window.addEventListener(\"message\", raMessageReceiver, false); function setup() { try { iframe.contentWindow.postMessage({ location: window.location.toString(), setup: { autoHeight: true } }, \"*\"); } catch (e) { } } setInterval(setup, 1000); iframe.addEventListener(\"load\", setup); })(); } catch (e) { } <\/script> <a href=\"https:\/\/roomadmin.pl\">roomadmin.pl &#8211; zarz\u0105dzanie noclegami<\/a>[\/et_pb_code][\/et_pb_column][\/et_pb_row][et_pb_row _builder_version=&#8221;4.6.5&#8243; _module_preset=&#8221;default&#8221; background_color=&#8221;#ffffff&#8221; border_width_all=&#8221;1px&#8221; border_color_all=&#8221;#e09900&#8243;][et_pb_column type=&#8221;4_4&#8243; _builder_version=&#8221;4.6.5&#8243; _module_preset=&#8221;default&#8221;][et_pb_text _builder_version=&#8221;4.6.5&#8243; _module_preset=&#8221;default&#8221; text_text_color=&#8221;#ffffff&#8221; header_text_color=&#8221;#ffffff&#8221; background_color=&#8221;#9e0152&#8243; custom_margin=&#8221;0px||0px||false|false&#8221; custom_padding=&#8221;12px||0px||false|false&#8221;]<\/p>\n<h1 style=\"text-align: center;\">Domek nr 2<\/h1>\n<p>[\/et_pb_text][et_pb_code _builder_version=&#8221;4.6.5&#8243; _module_preset=&#8221;default&#8221;]<iframe id=\"ra-calendar-single\" style=\"width: 100%; height: 540px; border: none; padding: 0;\" src=\"\/\/roomadmin.pl\/widget\/calendar-single\/index?fh=06384dcacc0cce4d482f57e0bf0a1c45104faecf&#038;rid=12388&#038;n=6&#038;style=%7B%22color_accent%22%3A%22%23A1195B%22%2C%22color_bg%22%3A%22%23FFFFFF%22%7D\"><\/iframe> <script> try { (function () { var iframe = window.document.getElementById('ra-calendar-single'); function raMessageReceiver(event) { if (iframe && event.data.height) { iframe.style.height = (event.data.height + 10) + \"px\"; } } window.addEventListener(\"message\", raMessageReceiver, false); function setup() { try { iframe.contentWindow.postMessage({ location: window.location.toString(), setup: { autoHeight: true } }, \"*\"); } catch (e) { } } setInterval(setup, 1000); iframe.addEventListener(\"load\", setup); })(); } catch (e) { } <\/script> <a href=\"https:\/\/roomadmin.pl\">roomadmin.pl &#8211; zarz\u0105dzanie apartamentami<\/a>[\/et_pb_code][\/et_pb_column][\/et_pb_row][\/et_pb_section]<\/p>\n","protected":false},"excerpt":{"rendered":"<p>[et_pb_section fb_built=&#8221;1&#8243; _builder_version=&#8221;4.6.5&#8243; _module_preset=&#8221;default&#8221; use_background_color_gradient=&#8221;on&#8221; background_color_gradient_start=&#8221;#ffffff&#8221; background_color_gradient_end=&#8221;#ffecb3&#8243; background_image=&#8221;http:\/\/domki.fotografiezpodhala.pl\/wp-content\/uploads\/2020\/10\/tlo_20150117-IMG_0822.jpg&#8221; hover_enabled=&#8221;0&#8243; title_text=&#8221;tlo_20150117-IMG_0822&#8243; sticky_enabled=&#8221;0&#8243;][et_pb_row _builder_version=&#8221;4.6.5&#8243; _module_preset=&#8221;default&#8221;][et_pb_column type=&#8221;4_4&#8243; _builder_version=&#8221;4.6.5&#8243; _module_preset=&#8221;default&#8221;][et_pb_text _builder_version=&#8221;4.6.5&#8243; _module_preset=&#8221;default&#8221; header_font_size=&#8221;46px&#8221; text_text_shadow_style=&#8221;preset2&#8243; text_text_shadow_color=&#8221;#000000&#8243; hover_enabled=&#8221;0&#8243; sticky_enabled=&#8221;0&#8243;] Cennik i rezerwacja [\/et_pb_text][\/et_pb_column][\/et_pb_row][et_pb_row column_structure=&#8221;3_5,2_5&#8243; _builder_version=&#8221;4.6.5&#8243; _module_preset=&#8221;default&#8221;][et_pb_column type=&#8221;3_5&#8243; _builder_version=&#8221;4.6.5&#8243; _module_preset=&#8221;default&#8221;][et_pb_text _builder_version=&#8221;4.6.5&#8243; _module_preset=&#8221;default&#8221; animation_style=&#8221;fade&#8221; animation_duration=&#8221;1300ms&#8221; animation_delay=&#8221;500ms&#8221; hover_enabled=&#8221;0&#8243; text_text_shadow_style=&#8221;preset2&#8243; text_text_shadow_color=&#8221;#000000&#8243; sticky_enabled=&#8221;0&#8243;] Podane ceny dotycz\u0105 wynajmu ca\u0142ego domku maksymalnie 6 os\u00f3b Ka\u017cda dodatkowa osoba: Dzieci [&hellip;]<\/p>\n","protected":false},"author":1,"featured_media":0,"parent":0,"menu_order":2,"comment_status":"closed","ping_status":"closed","template":"","meta":{"_et_pb_use_builder":"on","_et_pb_old_content":"<!-- wp:divi\/placeholder \/-->","_et_gb_content_width":""},"_links":{"self":[{"href":"http:\/\/domki.fotografiezpodhala.pl\/index.php?rest_route=\/wp\/v2\/pages\/190"}],"collection":[{"href":"http:\/\/domki.fotografiezpodhala.pl\/index.php?rest_route=\/wp\/v2\/pages"}],"about":[{"href":"http:\/\/domki.fotografiezpodhala.pl\/index.php?rest_route=\/wp\/v2\/types\/page"}],"author":[{"embeddable":true,"href":"http:\/\/domki.fotografiezpodhala.pl\/index.php?rest_route=\/wp\/v2\/users\/1"}],"replies":[{"embeddable":true,"href":"http:\/\/domki.fotografiezpodhala.pl\/index.php?rest_route=%2Fwp%2Fv2%2Fcomments&post=190"}],"version-history":[{"count":20,"href":"http:\/\/domki.fotografiezpodhala.pl\/index.php?rest_route=\/wp\/v2\/pages\/190\/revisions"}],"predecessor-version":[{"id":602,"href":"http:\/\/domki.fotografiezpodhala.pl\/index.php?rest_route=\/wp\/v2\/pages\/190\/revisions\/602"}],"wp:attachment":[{"href":"http:\/\/domki.fotografiezpodhala.pl\/index.php?rest_route=%2Fwp%2Fv2%2Fmedia&parent=190"}],"curies":[{"name":"wp","href":"https:\/\/api.w.org\/{rel}","templated":true}]}}